{"id":57,"date":"2014-10-20T09:48:12","date_gmt":"2014-10-20T08:48:12","guid":{"rendered":"http:\/\/ndhprimaire.herobo.com\/?page_id=57"},"modified":"2015-02-05T15:06:37","modified_gmt":"2015-02-05T14:06:37","slug":"nos-5-lois","status":"publish","type":"page","link":"https:\/\/www.notredameheusy.net\/primaire\/nos-5-lois\/","title":{"rendered":"Nos 5 lois"},"content":{"rendered":"<h4><strong>Les 5 lois \u00e0 respecter par tous:<\/strong><\/h4>\n<p><a href=\"http:\/\/www.notredameheusy.net\/primaire\/wp-content\/uploads\/2014\/10\/fleur.png\"><img loading=\"lazy\" decoding=\"async\" class=\" size-medium wp-image-58 aligncenter\" src=\"http:\/\/www.notredameheusy.net\/primaire\/wp-content\/uploads\/2014\/10\/fleur-266x300.png\" alt=\"fleur\" width=\"266\" height=\"300\" srcset=\"https:\/\/www.notredameheusy.net\/primaire\/wp-content\/uploads\/2014\/10\/fleur-266x300.png 266w, https:\/\/www.notredameheusy.net\/primaire\/wp-content\/uploads\/2014\/10\/fleur.png 283w\" sizes=\"auto, (max-width: 266px) 100vw, 266px\" \/><\/a><\/p>\n<p>&nbsp;<\/p>\n<p>Durant plusieurs mois, les \u00e9l\u00e8ves ont r\u00e9fl\u00e9chi au sein des conseils de classe, aux diff\u00e9rentes r\u00e8gles qu&rsquo;il serait n\u00e9cessaire de d\u00e9finir pour que l&rsquo;on vive tous dans une belle harmonie.\u00a0Ils insistent particuli\u00e8rement sur le respect et la non-violence.<\/p>\n<p>&nbsp;<\/p>\n<p><img loading=\"lazy\" decoding=\"async\" class=\"  wp-image-719 alignleft\" style=\"margin-right: 15px; border: 1px #000000 solid;\" src=\"http:\/\/www.notredameheusy.net\/primaire\/wp-content\/uploads\/2015\/01\/IMG_0096-300x224.jpg\" alt=\"IMG_0096\" width=\"267\" height=\"199\" srcset=\"https:\/\/www.notredameheusy.net\/primaire\/wp-content\/uploads\/2015\/01\/IMG_0096-300x224.jpg 300w, https:\/\/www.notredameheusy.net\/primaire\/wp-content\/uploads\/2015\/01\/IMG_0096.jpg 567w\" sizes=\"auto, (max-width: 267px) 100vw, 267px\" \/><\/p>\n<p>&nbsp;<\/p>\n<p>Au d\u00e9part de toutes les id\u00e9es apport\u00e9es par les conseils de classe, les d\u00e9l\u00e9gu\u00e9s se sont retrouv\u00e9s au sein du conseil d&rsquo;\u00e9cole afin de cr\u00e9er les lois qui devront \u00eatre respect\u00e9es par tous.<\/p>\n<p>&nbsp;<\/p>\n<p>&nbsp;<\/p>\n<p>&nbsp;<\/p>\n<p>&nbsp;<\/p>\n<p>&nbsp;<\/p>\n<p>&nbsp;<\/p>\n<p>&nbsp;<\/p>\n<p>Elles sont d\u00e9sormais visibles dans les cours et dans les classes. De tr\u00e8s beaux panneaux rappellent \u00e0 chacun les 5 lois du \u00ab\u00a0Bien vivre ensemble\u00a0\u00bb dans notre \u00e9cole:<\/p>\n<p>&nbsp;<\/p>\n<p><span style=\"color: #99ccff;\">\u2665\u00a0\u00a0Je ne suis pas violent, ni en paroles ni en gestes.<\/span><\/p>\n<p><span style=\"color: #99ccff;\">\u2665 \u00a0Je ne peux pas \u00eatre impoli envers les autres enfants.<\/span><\/p>\n<p><span style=\"color: #99ccff;\">\u2665 Je ne peux pas \u00eatre impoli envers les adultes.<\/span><\/p>\n<p><span style=\"color: #99ccff;\">\u2665 Je respecte les locaux et le mat\u00e9riel.<\/span><\/p>\n<p><span style=\"color: #99ccff;\">\u2665 Je ne peux pas sortir de l&rsquo;\u00e9cole sans autorisation.<\/span><\/p>\n","protected":false},"excerpt":{"rendered":"<p>Les 5 lois \u00e0 respecter par tous: &nbsp; Durant plusieurs mois, les \u00e9l\u00e8ves ont r\u00e9fl\u00e9chi au sein des conseils de classe, aux diff\u00e9rentes r\u00e8gles qu&rsquo;il serait n\u00e9cessaire de d\u00e9finir pour que l&rsquo;on vive tous dans une belle harmonie.\u00a0Ils insistent particuli\u00e8rement sur le respect et la non-violence. &nbsp; &nbsp; Au d\u00e9part de toutes les id\u00e9es apport\u00e9es [&hellip;]<\/p>\n","protected":false},"author":3,"featured_media":0,"parent":0,"menu_order":0,"comment_status":"closed","ping_status":"closed","template":"","meta":{"footnotes":""},"class_list":["post-57","page","type-page","status-publish","hentry"],"_links":{"self":[{"href":"https:\/\/www.notredameheusy.net\/primaire\/wp-json\/wp\/v2\/pages\/57","targetHints":{"allow":["GET"]}}],"collection":[{"href":"https:\/\/www.notredameheusy.net\/primaire\/wp-json\/wp\/v2\/pages"}],"about":[{"href":"https:\/\/www.notredameheusy.net\/primaire\/wp-json\/wp\/v2\/types\/page"}],"author":[{"embeddable":true,"href":"https:\/\/www.notredameheusy.net\/primaire\/wp-json\/wp\/v2\/users\/3"}],"replies":[{"embeddable":true,"href":"https:\/\/www.notredameheusy.net\/primaire\/wp-json\/wp\/v2\/comments?post=57"}],"version-history":[{"count":10,"href":"https:\/\/www.notredameheusy.net\/primaire\/wp-json\/wp\/v2\/pages\/57\/revisions"}],"predecessor-version":[{"id":1020,"href":"https:\/\/www.notredameheusy.net\/primaire\/wp-json\/wp\/v2\/pages\/57\/revisions\/1020"}],"wp:attachment":[{"href":"https:\/\/www.notredameheusy.net\/primaire\/wp-json\/wp\/v2\/media?parent=57"}],"curies":[{"name":"wp","href":"https:\/\/api.w.org\/{rel}","templated":true}]}}