{"id":268,"date":"2014-12-11T10:11:48","date_gmt":"2014-12-11T09:11:48","guid":{"rendered":"http:\/\/ndhprimaire.herobo.com\/?page_id=268"},"modified":"2021-09-24T15:23:31","modified_gmt":"2021-09-24T13:23:31","slug":"les-horaires","status":"publish","type":"page","link":"https:\/\/www.notredameheusy.net\/primaire\/notre-organisation-2\/les-horaires\/","title":{"rendered":"Les horaires"},"content":{"rendered":"<h4><span style=\"color: #99ccff;\">Les horaires:<\/span><\/h4>\n<p><strong>Ouverture de l\u2019\u00e9cole<\/strong> : 7h30 (le matin) &#8211; 13h05 (l&rsquo;apr\u00e8s-midi)<br \/>\n<strong>Horaire des cours<\/strong> : de 8h25 \u00e0 12h05 et de 13h30 \u00e0 15h20<br \/>\n<strong>R\u00e9cr\u00e9ations:<\/strong> de 10h05 \u00e0 10h25<br \/>\n<strong>Garderies de midi (\u00e0 laquelle il faut \u00eatre inscrit): <\/strong>de\u00a012h05 \u00e0 13h05<br \/>\n<strong>Garderie apr\u00e8s les cours:\u00a0 <\/strong>entre 15h20 et 18h. Celle-ci devient <strong>payante \u00e0 partir de 15h50.<\/strong><\/p>\n<p><img loading=\"lazy\" decoding=\"async\" class=\" size-medium wp-image-141 alignnone\" src=\"http:\/\/www.notredameheusy.net\/primaire\/wp-content\/uploads\/2014\/10\/groupe2-300x201.png\" alt=\"groupe2\" width=\"300\" height=\"201\" srcset=\"https:\/\/www.notredameheusy.net\/primaire\/wp-content\/uploads\/2014\/10\/groupe2-300x201.png 300w, https:\/\/www.notredameheusy.net\/primaire\/wp-content\/uploads\/2014\/10\/groupe2.png 695w\" sizes=\"auto, (max-width: 300px) 100vw, 300px\" \/><\/p>\n<p><span style=\"color: #99ccff;\"><strong>L\u2019entr\u00e9e<\/strong><\/span> des \u00e9l\u00e8ves se fait par la cour.<\/p>\n<p>A partir de 7h30, l\u2019accueil de tous les \u00e9l\u00e8ves (maternelle et primaire) se fera dans le r\u00e9fectoire du primaire et \u00e0 8h, les enfants de l\u2019\u00e9cole maternelle seront reconduits dans leurs b\u00e2timents.<\/p>\n<p>Lorsqu\u2019ils arrivent \u00e0 l\u2019\u00e9cole, les enfants quittent leurs parents pour rejoindre les autres \u00e9l\u00e8ves dans la cour. D\u00e8s la sonnerie, ils s&rsquo;y rangent puis se dirigent calmement, sous la conduite de l\u2019enseignant, vers les classes.<\/p>\n<p>Les parents auront le souci d\u2019<span style=\"color: #99ccff;\">\u00eatre ponctuels<\/span> <span style=\"color: #99ccff;\">pour amener leurs enfants afin qu\u2019ils soient pr\u00e9sents dans les rangs.<\/span><br \/>\nEn cas de modification dans les habitudes de l\u2019\u00e9l\u00e8ve (d\u00e9part avec une autre personne, \u00e9tude, garderie, rang, d\u00eener&#8230;) il est demand\u00e9 de le signaler par \u00e9crit et de le pr\u00e9senter \u00e0 l\u2019enseignant.<br \/>\n<em><span style=\"text-decoration: underline;\">Attention<\/span>: les parents sont seuls responsables de leur enfant durant cette sortie inhabituelle.<\/em><\/p>\n<p><span style=\"color: #99ccff;\"><strong>La sortie<\/strong><\/span> se fait aussi par la cour sauf pour les \u00e9l\u00e8ves munis de la carte verte.<br \/>\nLes parents attendent derri\u00e8re la ligne, \u00e0 l\u2019ext\u00e9rieur de la cour de r\u00e9cr\u00e9ation. Ils demandent la permission pour entrer dans l&rsquo;\u00e9cole.<\/p>\n<p><a href=\"http:\/\/www.notredameheusy.net\/primaire\/wp-content\/uploads\/2014\/12\/IMG_0849.jpg\"><img loading=\"lazy\" decoding=\"async\" class=\" size-medium wp-image-849 alignleft\" style=\"margin-right: 15px; border: 1px #000000 solid;\" src=\"http:\/\/www.notredameheusy.net\/primaire\/wp-content\/uploads\/2014\/12\/IMG_0849-300x225.jpg\" alt=\"IMG_0849\" width=\"300\" height=\"225\" srcset=\"https:\/\/www.notredameheusy.net\/primaire\/wp-content\/uploads\/2014\/12\/IMG_0849-300x225.jpg 300w, https:\/\/www.notredameheusy.net\/primaire\/wp-content\/uploads\/2014\/12\/IMG_0849.jpg 567w\" sizes=\"auto, (max-width: 300px) 100vw, 300px\" \/><\/a><\/p>\n<p><span style=\"color: #99ccff;\"><strong>Espace s\u00e9curis\u00e9 pour les pi\u00e9tons:<\/strong><\/span><\/p>\n<p>Une zone pour les pi\u00e9tons a \u00e9t\u00e9 d\u00e9limit\u00e9e \u00e0 l&rsquo;entr\u00e9e de l&rsquo;\u00e9cole afin que les enfants soient en s\u00e9curit\u00e9. Une cl\u00f4ture permet \u00e0 chacun d&rsquo;entrer et de sortir \u00e0 pied de l&rsquo;\u00e9cole.<\/p>\n<h4><\/h4>\n","protected":false},"excerpt":{"rendered":"<p>Les horaires: Ouverture de l\u2019\u00e9cole : 7h30 (le matin) &#8211; 13h05 (l&rsquo;apr\u00e8s-midi) Horaire des cours : de 8h25 \u00e0 12h05 et de 13h30 \u00e0 15h20 R\u00e9cr\u00e9ations: de 10h05 \u00e0 10h25 Garderies de midi (\u00e0 laquelle il faut \u00eatre inscrit): de\u00a012h05 \u00e0 13h05 Garderie apr\u00e8s les cours:\u00a0 entre 15h20 et 18h. Celle-ci devient payante \u00e0 partir [&hellip;]<\/p>\n","protected":false},"author":3,"featured_media":0,"parent":67,"menu_order":3,"comment_status":"closed","ping_status":"closed","template":"","meta":{"footnotes":""},"class_list":["post-268","page","type-page","status-publish","hentry"],"_links":{"self":[{"href":"https:\/\/www.notredameheusy.net\/primaire\/wp-json\/wp\/v2\/pages\/268","targetHints":{"allow":["GET"]}}],"collection":[{"href":"https:\/\/www.notredameheusy.net\/primaire\/wp-json\/wp\/v2\/pages"}],"about":[{"href":"https:\/\/www.notredameheusy.net\/primaire\/wp-json\/wp\/v2\/types\/page"}],"author":[{"embeddable":true,"href":"https:\/\/www.notredameheusy.net\/primaire\/wp-json\/wp\/v2\/users\/3"}],"replies":[{"embeddable":true,"href":"https:\/\/www.notredameheusy.net\/primaire\/wp-json\/wp\/v2\/comments?post=268"}],"version-history":[{"count":18,"href":"https:\/\/www.notredameheusy.net\/primaire\/wp-json\/wp\/v2\/pages\/268\/revisions"}],"predecessor-version":[{"id":4025,"href":"https:\/\/www.notredameheusy.net\/primaire\/wp-json\/wp\/v2\/pages\/268\/revisions\/4025"}],"up":[{"embeddable":true,"href":"https:\/\/www.notredameheusy.net\/primaire\/wp-json\/wp\/v2\/pages\/67"}],"wp:attachment":[{"href":"https:\/\/www.notredameheusy.net\/primaire\/wp-json\/wp\/v2\/media?parent=268"}],"curies":[{"name":"wp","href":"https:\/\/api.w.org\/{rel}","templated":true}]}}

<h4><span style="color: #99ccff;">Les horaires:</span></h4>
<p><strong>Ouverture de l’école</strong> : 7h30 (le matin) &#8211; 13h05 (l&rsquo;après-midi)<br />
<strong>Horaire des cours</strong> : de 8h25 à 12h05 et de 13h30 à 15h20<br />
<strong>Récréations:</strong> de 10h05 à 10h25<br />
<strong>Garderies de midi (à laquelle il faut être inscrit): </strong>de 12h05 à 13h05<br />
<strong>Garderie après les cours:  </strong>entre 15h20 et 18h. Celle-ci devient <strong>payante à partir de 15h50.</strong></p>
<p><img loading="lazy" decoding="async" class=" size-medium wp-image-141 alignnone" src="http://www.notredameheusy.net/primaire/wp-content/uploads/2014/10/groupe2-300x201.png" alt="groupe2" width="300" height="201" srcset="https://www.notredameheusy.net/primaire/wp-content/uploads/2014/10/groupe2-300x201.png 300w, https://www.notredameheusy.net/primaire/wp-content/uploads/2014/10/groupe2.png 695w" sizes="auto, (max-width: 300px) 100vw, 300px" /></p>
<p><span style="color: #99ccff;"><strong>L’entrée</strong></span> des élèves se fait par la cour.</p>
<p>A partir de 7h30, l’accueil de tous les élèves (maternelle et primaire) se fera dans le réfectoire du primaire et à 8h, les enfants de l’école maternelle seront reconduits dans leurs bâtiments.</p>
<p>Lorsqu’ils arrivent à l’école, les enfants quittent leurs parents pour rejoindre les autres élèves dans la cour. Dès la sonnerie, ils s&rsquo;y rangent puis se dirigent calmement, sous la conduite de l’enseignant, vers les classes.</p>
<p>Les parents auront le souci d’<span style="color: #99ccff;">être ponctuels</span> <span style="color: #99ccff;">pour amener leurs enfants afin qu’ils soient présents dans les rangs.</span><br />
En cas de modification dans les habitudes de l’élève (départ avec une autre personne, étude, garderie, rang, dîner&#8230;) il est demandé de le signaler par écrit et de le présenter à l’enseignant.<br />
<em><span style="text-decoration: underline;">Attention</span>: les parents sont seuls responsables de leur enfant durant cette sortie inhabituelle.</em></p>
<p><span style="color: #99ccff;"><strong>La sortie</strong></span> se fait aussi par la cour sauf pour les élèves munis de la carte verte.<br />
Les parents attendent derrière la ligne, à l’extérieur de la cour de récréation. Ils demandent la permission pour entrer dans l&rsquo;école.</p>
<p><a href="http://www.notredameheusy.net/primaire/wp-content/uploads/2014/12/IMG_0849.jpg"><img loading="lazy" decoding="async" class=" size-medium wp-image-849 alignleft" style="margin-right: 15px; border: 1px #000000 solid;" src="http://www.notredameheusy.net/primaire/wp-content/uploads/2014/12/IMG_0849-300x225.jpg" alt="IMG_0849" width="300" height="225" srcset="https://www.notredameheusy.net/primaire/wp-content/uploads/2014/12/IMG_0849-300x225.jpg 300w, https://www.notredameheusy.net/primaire/wp-content/uploads/2014/12/IMG_0849.jpg 567w" sizes="auto, (max-width: 300px) 100vw, 300px" /></a></p>
<p><span style="color: #99ccff;"><strong>Espace sécurisé pour les piétons:</strong></span></p>
<p>Une zone pour les piétons a été délimitée à l&rsquo;entrée de l&rsquo;école afin que les enfants soient en sécurité. Une clôture permet à chacun d&rsquo;entrer et de sortir à pied de l&rsquo;école.</p>
<h4></h4>

<p>Les horaires: Ouverture de l’école : 7h30 (le matin) &#8211; 13h05 (l&rsquo;après-midi) Horaire des cours : de 8h25 à 12h05 et de 13h30 à 15h20 Récréations: de 10h05 à 10h25 Garderies de midi (à laquelle il faut être inscrit): de 12h05 à 13h05 Garderie après les cours:  entre 15h20 et 18h. Celle-ci devient payante à partir [&hellip;]</p>
