{"id":2553,"date":"2019-01-10T09:25:29","date_gmt":"2019-01-10T07:25:29","guid":{"rendered":"http:\/\/www.notredameheusy.net\/maternelle\/?page_id=2553"},"modified":"2024-11-21T17:00:48","modified_gmt":"2024-11-21T15:00:48","slug":"infos-administratives","status":"publish","type":"page","link":"https:\/\/www.notredameheusy.net\/maternelle\/infos-administratives\/","title":{"rendered":"Structure juridique"},"content":{"rendered":"\n<p><p>Notre \u00e9cole appartient \u00e0<br><strong>l&rsquo;ASBL Centre Scolaire Institut Notre-Dame Heusy<\/strong><br>avenue Jean Tast\u00e9, 80 &#8211; 4802 HEUSY<br>BCE:  0420.558.544 <\/p><\/p>\n\n\n\n<p>La pr\u00e9sidence du\u00a0<strong>conseil d\u2019administration<\/strong>\u00a0est assum\u00e9e par<br><strong>M. <\/strong>D.  EMBRECHTS<\/p>\n\n\n\n<p><br>\u00a0<br>\u00a0<\/p>\n","protected":false},"excerpt":{"rendered":"<p>Notre \u00e9cole appartient \u00e0l&rsquo;ASBL Centre Scolaire Institut Notre-Dame Heusyavenue Jean Tast\u00e9, 80 &#8211; 4802 HEUSYBCE: 0420.558.544 La pr\u00e9sidence du\u00a0conseil d\u2019administration\u00a0est assum\u00e9e parM. D. EMBRECHTS \u00a0\u00a0<\/p>\n","protected":false},"author":3,"featured_media":0,"parent":0,"menu_order":0,"comment_status":"closed","ping_status":"closed","template":"","meta":{"footnotes":""},"class_list":["post-2553","page","type-page","status-publish","hentry"],"_links":{"self":[{"href":"https:\/\/www.notredameheusy.net\/maternelle\/wp-json\/wp\/v2\/pages\/2553","targetHints":{"allow":["GET"]}}],"collection":[{"href":"https:\/\/www.notredameheusy.net\/maternelle\/wp-json\/wp\/v2\/pages"}],"about":[{"href":"https:\/\/www.notredameheusy.net\/maternelle\/wp-json\/wp\/v2\/types\/page"}],"author":[{"embeddable":true,"href":"https:\/\/www.notredameheusy.net\/maternelle\/wp-json\/wp\/v2\/users\/3"}],"replies":[{"embeddable":true,"href":"https:\/\/www.notredameheusy.net\/maternelle\/wp-json\/wp\/v2\/comments?post=2553"}],"version-history":[{"count":8,"href":"https:\/\/www.notredameheusy.net\/maternelle\/wp-json\/wp\/v2\/pages\/2553\/revisions"}],"predecessor-version":[{"id":4740,"href":"https:\/\/www.notredameheusy.net\/maternelle\/wp-json\/wp\/v2\/pages\/2553\/revisions\/4740"}],"wp:attachment":[{"href":"https:\/\/www.notredameheusy.net\/maternelle\/wp-json\/wp\/v2\/media?parent=2553"}],"curies":[{"name":"wp","href":"https:\/\/api.w.org\/{rel}","templated":true}]}}